by 21?
13
Let p(k) = -k - 1. Let o be p(0). Let t be 1 - o - (-8 + 6). Suppose -x + 18 = 2*u, -142 = -x - t*x + 3*u. Calculate the remainder when x is divided by 7.
5
Suppose -4*n + 0 = -4. Let x(v) = -10*v**2 + 93*v - 24. Calculate the remainder when x(9) is divided by n.
0
Let c(u) = u**3 - 3*u**2 - u + 3. Let x be c(3). Suppose x = 3*j - 31 + 10. Calculate the remainder when 3 is divided by (-2)/6 + j/3.
1
Let l(g) = -g**2 + 28*g - 55. Calculate the remainder when 20 is divided by l(25).
0
Suppose 0 = -22*y + 422 - 378. What is the remainder when 74 is divided by y?
0
Let t(r) = 34*r - 584. Suppose 4*j - 311 = 21. Calculate the remainder when j is divided by t(18).
27
Let b(z) = -z**3 + 5*z**2 + 5*z + 6. Let o be b(6). Let g = o + 5. What is the remainder when 194/10 - 2 - 15/(-25) is divided by g?
3
Let u(d) = -16*d**2 + 3*d - 5. Let v be u(2). Suppose 4*h = 199 + 153. What is the remainder when h is divided by ((-100)/(-35))/((-6)/v)?
28
Let m(b) be the third derivative of b**5/30 - 3*b**4/8 - b**3/2 - 2*b**2. Let i = -208 - -219. Calculate the remainder when m(7) is divided by i.
10
Let p = -176 + 183. Calculate the remainder when 7 is divided by p.
0
Suppose -y + 94 + 20 = 0. Suppose -g + 22 = 2*t - 9, -22 = -4*t + 6*g. Calculate the remainder when y is divided by t.
10
Suppose -3*i + k + 4794 = 0, 0 = -4*k - 22 + 10. What is the remainder when i is divided by 64?
61
Let b(d) = 12*d - 2. Let g(s) = -s + 4. Let f be g(-12). Let t = f + -15. What is the remainder when 36 is divided by b(t)?
6
Let z(x) = -x**3 - 7*x**2 - 4*x - 2. Let s be z(-6). Let w = s + -14. Calculate the remainder when 20 is divided by -1*w/(-24)*-6.
6
What is the remainder when 571 is divided by (-14 + 7)/(-14)*(26 - 0)?
12
Calculate the remainder when -306 + 313 - 3/((-3)/946) is divided by 29.
25
Suppose -4*n + t = -0*t - 1, -t - 1 = 0. Suppose n = -4*g - 38 - 34. What is the remainder when 41 is divided by 3*(-33)/g*2?
8
Suppose 6*p = 57 - 21. Suppose p*b - b = 95. Calculate the remainder when 72 is divided by b.
15
Let d = -28 + 30. Let f(j) = -2*j + 10. Let u be f(7). What is the remainder when d is divided by 4/(-8) + (-10)/u?
0
Let q(n) = 14*n**2 - n. What is the remainder when 823 is divided by q(-1)?
13
Let t = 356 + -240. Suppose 2*q = t + 42. Calculate the remainder when q is divided by (30/(-4))/(3/(-8)).
19
Suppose 0 = 3*z - p - 131, 2*z + 2*p - 61 = 37. What is the remainder when z is divided by 8?
5
Let h = 15 + -4. Let d = -1 + 31. What is the remainder when d is divided by h?
8
Let z = 408 - 3. Suppose -3*y + 7*a - 4*a + 240 = 0, 5*y - 4*a = z. Calculate the remainder when y is divided by 22.
19
Let u(z) = z**3 + 15*z**2 - 15*z + 18. Let r be u(-16). Let t = 27 + r. What is the remainder when 86 is divided by t?
28
Let t(n) = 19*n**3 - n**2 + n - 1. Let m be t(1). Let b = m - 15. Suppose 5*c - 76 = b*c. Calculate the remainder when c is divided by 20.
18
Let r = 1350 - 1342. What is the remainder when 99 is divided by r?
3
Suppose -4*s + 2*f + 48 = 0, 2*f + 8 + 0 = 0. What is the remainder when 1/7 - 118/(-7) is divided by s?
7
Let g(a) = 6*a**2 + 72*a - 21. Calculate the remainder when 201 is divided by g(-13).
30
Suppose 0 = 5*i + 5*o - 7 - 3, 0 = 2*i + 4*o + 2. Let k(m) = -m + 2*m - 2 + 2*m. Calculate the remainder when 38 is divided by k(i).
12
Suppose -39 = -f - 5. Calculate the remainder when f is divided by 10.
4
Suppose 62 + 114 = 5*h + 2*l, -2*l + 108 = 3*h. Suppose 1 + 155 = 3*q. Suppose 27 = 2*d + 3*t, 5*d - q - 9 = -t. What is the remainder when h is divided by d?
10
Suppose -z + 0 = -8. Suppose -30*n + 21*n = -405. What is the remainder when n is divided by z?
5
Suppose 5*x - 18*b - 56 = -15*b, -14 = -2*x + 4*b. What is the remainder when 73 is divided by x?
8
Suppose 120*b - 817 = 2303. What is the remainder when b is divided by 22?
4
Suppose 2*q + 2 = 0, 4*q = -5*n + 116 - 15. Let p(m) = m**2 - 21*m + 30. What is the remainder when p(n) is divided by 19?
11
Let r(v) = 3*v**2 - 4*v + 9. Suppose 4*l + 19 = 5*l - 5*o, 3*l - 5*o = 87. Calculate the remainder when r(8) is divided by l.
33
Let j = -650 + 688. What is the remainder when 221 is divided by j?
31
Calculate the remainder when 542 is divided by -40*7/21*30/(-25).
14
Let p = -1554 - -1574. Calculate the remainder when 72 is divided by p.
12
Let j = -23 + 25. Suppose 5*r = -j*v + v + 39, 2*v - 38 = -5*r. What is the remainder when (-8)/(-32) - (-566)/r is divided by 24?
23
Let x = -53 + 32. Let m(p) = -3*p - 41. Calculate the remainder when 84 is divided by m(x).
18
Let v(n) = n + 19. Let s(y) = -y**2 + 12*y - 18. Let p be s(11). Calculate the remainder when 55 is divided by v(p).
7
Suppose 0 = -4*m - 5*n + 10 - 43, -7 = m + n. Let l(t) = -t**2 + 8*t - 2. What is the remainder when 25/((0 - 2)/m) is divided by l(4)?
11
Let q = -19 + 23. Suppose -q*v - 3*v = -84. Calculate the remainder when v is divided by 3.
0
What is the remainder when 1458/12*(-10)/(-15) is divided by 24?
9
Let k = -47 + 28. Let v = 4 - k. What is the remainder when 66 is divided by v?
20
Let d(a) = -12*a**2 - a**3 + 13*a**2 + 13*a**2 + 5*a**2 + 21. Calculate the remainder when d(19) is divided by 11.
10
Let n(o) = 6*o**2 - 5*o**3 + 6*o**3 + 15*o + 14*o**2 - 12 - 11. What is the remainder when n(-19) is divided by 11/(0/2 - -1)?
9
Let i = 30 + 8. Let y = 132 + i. Calculate the remainder when y is divided by 43.
41
Let l(j) = j**3 - 9*j**2 + 5*j - 16. Calculate the remainder when l(9) is divided by -2 - (1/1 - 20).
12
Let q(u) = -2*u**2 + 2. Let f be q(-2). Let b = 443 - 439. Calculate the remainder when 33 is divided by 22/b + (-9)/f.
5
Let b be ((-6)/9)/((-3)/468). Suppose 26*x + b = 30*x. Calculate the remainder when 58 is divided by x.
6
Let f = 1154 + -687. What is the remainder when f is divided by 12?
11
Suppose -77 = -5*f + 4*n - 4, -3*f + 35 = 2*n. Suppose -23 - 13 = -6*u. Suppose 15 = 3*g + u. Calculate the remainder when f is divided by g.
1
Suppose 2*i = -4*i + 336. Calculate the remainder when 499 is divided by i.
51
Let i(n) be the second derivative of n**5/20 + n**4/3 + 2*n**3/3 + 2*n**2 - 5*n. Calculate the remainder when 12 is divided by i(-2).
0
Suppose 3*z - 360 + 21 = -4*q, 5*q = -4*z + 424. Calculate the remainder when 251 is divided by q.
83
Let q(n) = -7*n + 220. What is the remainder when q(23) is divided by 9?
5
Let a = 9 - 8. Let q(r) = -r**3 + 14*r**2 + a + 2 - 2*r - 11*r. Calculate the remainder when 6 is divided by q(13).
0
Suppose 0 = 2*y + 4*d - 40, -5*d - 11 = -6. Calculate the remainder when 55 is divided by y.
11
Let q = 1229 - 645. Let v be q/24 - (-2)/(-6). Suppose -4*d + v = -12. Calculate the remainder when d is divided by 7.
2
Let j(x) = 5*x**2 + 22*x + 29. What is the remainder when 335 is divided by j(-3)?
7
Let l(s) = -s**2 + 12*s - 4. Let c be l(8). Let k = c - 17. Let m = 76 + -58. What is the remainder when m is divided by k?
7
Let z(a) be the third derivative of 0*a - 1/12*a**4 + 1/10*a**5 + 0 - 1/120*a**6 - a**3 + 2*a**2. Calculate the remainder when 26 is divided by z(5).
8
Suppose -4*k + 24 = -36. Let d be 4/(-10) + 81/15. Let u = k - d. What is the remainder when 29 is divided by u?
9
Let c = 27 + -23. Suppose -32 - 52 = -c*s. Calculate the remainder when 39 is divided by s.
18
Let u(v) = v**3 + 6*v**2 - 3*v - 2. Let t = 52 + -58. Calculate the remainder when 28 is divided by u(t).
12
Let t(s) be the third derivative of s**4/24 + 5*s**3/6 - 4*s**2. What is the remainder when 51 is divided by t(8)?
12
Suppose -5*z - d - 3 = -7, -16 = -3*z - 4*d. Suppose z = v - 2 + 6. Let m = 10 + v. What is the remainder when 20 is divided by m?
2
Let h(f) = -2*f + 8*f**2 + 0 + 1 - 5 + 3*f. Suppose 2*u - 157 = 47. What is the remainder when u is divided by h(-2)?
24
Let a = -155 - -241. Suppose -31*o + 34*o = 225. Let x = -53 + o. What is the remainder when a is divided by x?
20
Suppose 5*t - 92 = 18. Let d(m) = -m**3 + 7*m**2 + 2*m - 8. What is the remainder when t is divided by d(7)?
4
Let q(s) = 8*s - 10. Let l be q(2). Suppose -u - t = -7, -l*u = -2*u + 3*t - 24. What is the remainder when 16 is divided by u?
1
Let x = 264 - 57. Suppose 0 = -26*s - 12*s + 838 - 40. Calculate the remainder when x is divided by s.
18
Let f(s) = 23 + 29 - 9*s + 7*s. What is the remainder when